{"id":438,"date":"2019-01-27T12:10:03","date_gmt":"2019-01-27T11:10:03","guid":{"rendered":"http:\/\/new.strassenbau-rostock.de\/?page_id=438"},"modified":"2019-01-27T12:59:41","modified_gmt":"2019-01-27T11:59:41","slug":"zaunbau-spezialbau-und-spielplatzanlagen","status":"publish","type":"page","link":"https:\/\/www.strassenbau-rostock.de\/index.php\/zaunbau-spezialbau-und-spielplatzanlagen\/","title":{"rendered":"Zaunbau, Spezialbau und Spielplatzanlagen"},"content":{"rendered":"<div id='full_slider_1'  class='avia-fullwidth-slider main_color avia-shadow  av-small-hide av-mini-hide  avia-builder-el-0  el_before_av_section  avia-builder-el-first   container_wrap fullsize' style=' '  ><div   data-size='no scaling'  data-lightbox_size='large'  data-animation='fade'  data-conditional_play=''  data-ids='393'  data-video_counter='0'  data-autoplay='true'  data-bg_slider='false'  data-slide_height=''  data-handle='av_slideshow_full'  data-interval='5'  data-class=' '  data-el_id=''  data-css_id=''  data-scroll_down=''  data-control_layout='av-control-minimal'  data-custom_markup=''  data-perma_caption=''  data-autoplay_stopper=''  data-image_attachment=''  data-min_height='0px'  data-src=''  data-position='top left'  data-repeat='no-repeat'  data-attach='scroll'  data-stretch=''  class='avia-slideshow avia-slideshow-1  av-control-minimal av-default-height-applied avia-slideshow-no scaling av_slideshow_full   avia-fade-slider '  itemprop=\"image\" itemscope=\"itemscope\" itemtype=\"https:\/\/schema.org\/ImageObject\" ><ul class='avia-slideshow-inner ' style='padding-bottom: 15.625%;' ><li  class=' av-single-slide slide-1 ' ><div data-rel='slideshow-1' class='avia-slide-wrap '   ><img src='https:\/\/www.strassenbau-rostock.de\/wp-content\/uploads\/bepflasterungen-rostock.jpg' width='1920' height='300' title='bepflasterungen-rostock' alt=''  itemprop=\"thumbnailUrl\"   \/><div class='av-section-color-overlay' style='opacity: 0.7; background-color: #000000; '><\/div><\/div><\/li><\/ul><\/div><\/div>\n<div id='av_section_1'  class='avia-section main_color avia-section-large avia-no-border-styling avia-bg-style-scroll  avia-builder-el-1  el_after_av_slideshow_full  el_before_av_section   container_wrap fullsize' style='background-color: #f8f8f8;  '  ><div class='container' ><div class='template-page content  av-content-full alpha units'><div class='post-entry post-entry-type-page post-entry-438'><div class='entry-content-wrapper clearfix'>\n<div  style='padding-bottom:0px; ' class='av-special-heading av-special-heading-h1  blockquote modern-quote modern-centered  avia-builder-el-2  el_before_av_hr  avia-builder-el-first  '><h1 class='av-special-heading-tag '  itemprop=\"headline\"  >Zaunbau, Spezialbau und Spielplatzanlagen<\/h1><div class='special-heading-border'><div class='special-heading-inner-border' ><\/div><\/div><\/div>\n<div  style=' margin-top:10px; margin-bottom:10px;'  class='hr hr-custom hr-center hr-icon-no   avia-builder-el-3  el_after_av_heading  el_before_av_one_full '><span class='hr-inner   inner-border-av-border-fat' style=' width:50px; border-color:#af0000;' ><span class='hr-inner-style'><\/span><\/span><\/div>\n<div class=\"flex_column av_one_full  flex_column_div av-zero-column-padding first  avia-builder-el-4  el_after_av_hr  avia-builder-el-last  \" style='border-radius:0px; '><section class=\"av_textblock_section \"  itemscope=\"itemscope\" itemtype=\"https:\/\/schema.org\/CreativeWork\" ><div class='avia_textblock  '   itemprop=\"text\" ><p style=\"text-align: center;\">Zu den Leistungen der Firma Rainer Bauer \u2013 Stra\u00dfen- und Landschaftsbau in Rostock geh\u00f6ren die Errichtung von Z\u00e4unen aller Art, der Aufbau und Einbau von Toren und T\u00fcren, die Montage von Ranganlagen, sowie das Aufstellen von M\u00fcllboxen. Aber auch die Lieferung und Montage von Spielger\u00e4ten sind ein wesentlicher Bestandteil unserer Dienstleistungen.<\/p>\n<\/div><\/section><\/div><\/div><\/div><\/div><!-- close content main div --><\/div><\/div><div id='av_section_2'  class='avia-section main_color avia-section-large avia-no-border-styling avia-bg-style-scroll  avia-builder-el-6  el_after_av_section  el_before_av_section   container_wrap fullsize' style=' '  ><div class='container' ><div class='template-page content  av-content-full alpha units'><div class='post-entry post-entry-type-page post-entry-438'><div class='entry-content-wrapper clearfix'>\n<div class=\"flex_column av_one_full  flex_column_div av-zero-column-padding first  avia-builder-el-7  avia-builder-el-no-sibling  \" style='border-radius:0px; '><div id='av-masonry-1' class='av-masonry  noHover av-fixed-size av-large-gap av-hover-overlay-active av-masonry-animation-active av-masonry-col-4 av-caption-always av-caption-style- av-masonry-gallery     '  ><div class='av-masonry-container isotope av-js-disabled ' ><div class='av-masonry-entry isotope-item av-masonry-item-no-image '><\/div><a href=\"https:\/\/www.strassenbau-rostock.de\/wp-content\/uploads\/wegebau1.jpg\" id='av-masonry-1-item-394' data-av-masonry-item='394' class='av-masonry-entry isotope-item post-394 attachment type-attachment status-inherit hentry  av-masonry-item-with-image' title=\"wegebau1\"  itemprop=\"thumbnailUrl\" ><div class='av-inner-masonry-sizer'><\/div><figure class='av-inner-masonry main_color'><div class=\"av-masonry-outerimage-container\"><div class=\"av-masonry-image-container\" style=\"background-image: url(https:\/\/www.strassenbau-rostock.de\/wp-content\/uploads\/wegebau1-705x411.jpg);\" title=\"wegebau1\" ><\/div><\/div><\/figure><\/a><!--end av-masonry entry--><a href=\"https:\/\/www.strassenbau-rostock.de\/wp-content\/uploads\/wegebau2.jpg\" id='av-masonry-1-item-395' data-av-masonry-item='395' class='av-masonry-entry isotope-item post-395 attachment type-attachment status-inherit hentry  av-masonry-item-with-image' title=\"wegebau2\"  itemprop=\"thumbnailUrl\" ><div class='av-inner-masonry-sizer'><\/div><figure class='av-inner-masonry main_color'><div class=\"av-masonry-outerimage-container\"><div class=\"av-masonry-image-container\" style=\"background-image: url(https:\/\/www.strassenbau-rostock.de\/wp-content\/uploads\/wegebau2-705x470.jpg);\" title=\"wegebau2\" ><\/div><\/div><\/figure><\/a><!--end av-masonry entry--><a href=\"https:\/\/www.strassenbau-rostock.de\/wp-content\/uploads\/wegebau3.jpg\" id='av-masonry-1-item-396' data-av-masonry-item='396' class='av-masonry-entry isotope-item post-396 attachment type-attachment status-inherit hentry  av-masonry-item-with-image' title=\"wegebau3\"  itemprop=\"thumbnailUrl\" ><div class='av-inner-masonry-sizer'><\/div><figure class='av-inner-masonry main_color'><div class=\"av-masonry-outerimage-container\"><div class=\"av-masonry-image-container\" style=\"background-image: url(https:\/\/www.strassenbau-rostock.de\/wp-content\/uploads\/wegebau3-705x470.jpg);\" title=\"wegebau3\" ><\/div><\/div><\/figure><\/a><!--end av-masonry entry--><a href=\"https:\/\/www.strassenbau-rostock.de\/wp-content\/uploads\/wegebau4.jpg\" id='av-masonry-1-item-397' data-av-masonry-item='397' class='av-masonry-entry isotope-item post-397 attachment type-attachment status-inherit hentry  av-masonry-item-with-image' title=\"wegebau4\"  itemprop=\"thumbnailUrl\" ><div class='av-inner-masonry-sizer'><\/div><figure class='av-inner-masonry main_color'><div class=\"av-masonry-outerimage-container\"><div class=\"av-masonry-image-container\" style=\"background-image: url(https:\/\/www.strassenbau-rostock.de\/wp-content\/uploads\/wegebau4-705x470.jpg);\" title=\"wegebau4\" ><\/div><\/div><\/figure><\/a><!--end av-masonry entry--><\/div><\/div><\/div>\n<\/p>\n<\/div><\/div><\/div><!-- close content main div --><\/div><\/div><div id='av_section_3'  class='avia-section main_color avia-section-large avia-no-border-styling avia-bg-style-scroll  avia-builder-el-9  el_after_av_section  avia-builder-el-last   container_wrap fullsize' style='background-color: #f8f8f8;  '  ><div class='container' ><div class='template-page content  av-content-full alpha units'><div class='post-entry post-entry-type-page post-entry-438'><div class='entry-content-wrapper clearfix'>\n<div class=\"flex_column av_one_full  flex_column_div av-zero-column-padding first  avia-builder-el-10  avia-builder-el-no-sibling  \" style='border-radius:0px; '><section class=\"av_textblock_section \"  itemscope=\"itemscope\" itemtype=\"https:\/\/schema.org\/CreativeWork\" ><div class='avia_textblock  '   itemprop=\"text\" ><p style=\"text-align: center;\">Zu den Leistungen der Firma Rainer Bauer \u2013 Stra\u00dfen- und Landschaftsbau in Rostock geh\u00f6ren die Errichtung von Z\u00e4unen aller Art, der Aufbau und Einbau von Toren und T\u00fcren, die Montage von Ranganlagen, sowie das Aufstellen von M\u00fcllboxen. Aber auch die Lieferung und Montage von Spielger\u00e4ten sind ein wesentlicher Bestandteil unserer Dienstleistungen.<\/p>\n<\/div><\/section><\/div>\n","protected":false},"excerpt":{"rendered":"","protected":false},"author":1,"featured_media":0,"parent":0,"menu_order":0,"comment_status":"closed","ping_status":"closed","template":"","meta":[],"_links":{"self":[{"href":"https:\/\/www.strassenbau-rostock.de\/index.php\/wp-json\/wp\/v2\/pages\/438"}],"collection":[{"href":"https:\/\/www.strassenbau-rostock.de\/index.php\/wp-json\/wp\/v2\/pages"}],"about":[{"href":"https:\/\/www.strassenbau-rostock.de\/index.php\/wp-json\/wp\/v2\/types\/page"}],"author":[{"embeddable":true,"href":"https:\/\/www.strassenbau-rostock.de\/index.php\/wp-json\/wp\/v2\/users\/1"}],"replies":[{"embeddable":true,"href":"https:\/\/www.strassenbau-rostock.de\/index.php\/wp-json\/wp\/v2\/comments?post=438"}],"version-history":[{"count":1,"href":"https:\/\/www.strassenbau-rostock.de\/index.php\/wp-json\/wp\/v2\/pages\/438\/revisions"}],"predecessor-version":[{"id":439,"href":"https:\/\/www.strassenbau-rostock.de\/index.php\/wp-json\/wp\/v2\/pages\/438\/revisions\/439"}],"wp:attachment":[{"href":"https:\/\/www.strassenbau-rostock.de\/index.php\/wp-json\/wp\/v2\/media?parent=438"}],"curies":[{"name":"wp","href":"https:\/\/api.w.org\/{rel}","templated":true}]}}