{"id":386,"date":"2019-01-26T18:09:26","date_gmt":"2019-01-26T17:09:26","guid":{"rendered":"http:\/\/new.strassenbau-rostock.de\/?page_id=386"},"modified":"2020-11-27T13:56:56","modified_gmt":"2020-11-27T12:56:56","slug":"impressum","status":"publish","type":"page","link":"https:\/\/www.strassenbau-rostock.de\/index.php\/impressum\/","title":{"rendered":"Impressum"},"content":{"rendered":"\n<h1>Impressum<\/h1>\n\n\n\n<p>Firma Rainer Bauer<br>\nStrassenbau | Landschaftbau | Gartenbau<br>\nWilsener Weg 11<br>\n18198 Kritzmow<\/p>\n\n\n\n<p>Telefon: 038207 \u2013 65 40<br>\nTelefax: 038207 \u2013 654 30<\/p>\n\n\n\n<h2>Angaben gem\u00e4\u00df \u00a7 5 TMG:<\/h2>\n\n\n\n<p>Firma Rainer Bauer<br>\nStrassenbau | Landschaftbau | Gartenbau<br>\nWilsener Weg 11<br>\n18198 Kritzmow<\/p>\n\n\n\n<h2>Vertreten durch:<\/h2>\n\n\n\n<p>Gesch\u00e4ftsf\u00fchrer: Rainer Bauer<\/p>\n\n\n\n<p> UstID Nr. DE154455602<\/p>\n\n\n\n<h2>Kontakt:<\/h2>\n\n\n\n<p>E-Mail: info@strassenbau-rostock.de<\/p>\n\n\n\n<p>Telefon: 038207 \u2013 65 40<br>\nTelefax: 038207 \u2013 654 30<\/p>\n\n\n\n<h2>Streitschlichtung<\/h2>\n\n\n\n<p>Die Europ\u00e4ische Kommission stellt eine Plattform zur Online-Streitbeilegung (OS) bereit: <a href=\"https:\/\/ec.europa.eu\/consumers\/odr\" target=\"_blank\" rel=\"noreferrer noopener\">https:\/\/ec.europa.eu\/consumers\/odr<\/a>.<br>\nUnsere E-Mail-Adresse finden Sie oben im Impressum.<\/p>\n\n\n\n<p>Wir sind nicht bereit oder verpflichtet, an Streitbeilegungsverfahren vor einer Verbraucherschlichtungsstelle teilzunehmen.<\/p>\n\n\n\n<h3>Haftung f\u00fcr Inhalte<\/h3>\n\n\n\n<p>Als Diensteanbieter sind wir gem\u00e4\u00df \u00a7 7 Abs.1 TMG f\u00fcr eigene Inhalte \nauf diesen Seiten nach den allgemeinen Gesetzen verantwortlich. Nach \u00a7\u00a7 8\n bis 10 TMG sind wir als Diensteanbieter jedoch nicht verpflichtet, \n\u00fcbermittelte oder gespeicherte fremde Informationen zu \u00fcberwachen oder \nnach Umst\u00e4nden zu forschen, die auf eine rechtswidrige T\u00e4tigkeit \nhinweisen.<\/p>\n\n\n\n<p>Verpflichtungen zur Entfernung oder Sperrung der Nutzung von \nInformationen nach den allgemeinen Gesetzen bleiben hiervon unber\u00fchrt. \nEine diesbez\u00fcgliche Haftung ist jedoch erst ab dem Zeitpunkt der \nKenntnis einer konkreten Rechtsverletzung m\u00f6glich. Bei Bekanntwerden von\n entsprechenden Rechtsverletzungen werden wir diese Inhalte umgehend \nentfernen.<\/p>\n\n\n\n<h3>Haftung f\u00fcr Links<\/h3>\n\n\n\n<p>Unser Angebot enth\u00e4lt Links zu externen Websites Dritter, auf deren \nInhalte wir keinen Einfluss haben. Deshalb k\u00f6nnen wir f\u00fcr diese fremden \nInhalte auch keine Gew\u00e4hr \u00fcbernehmen. F\u00fcr die Inhalte der verlinkten \nSeiten ist stets der jeweilige Anbieter oder Betreiber der Seiten \nverantwortlich. Die verlinkten Seiten wurden zum Zeitpunkt der \nVerlinkung auf m\u00f6gliche Rechtsverst\u00f6\u00dfe \u00fcberpr\u00fcft. Rechtswidrige Inhalte \nwaren zum Zeitpunkt der Verlinkung nicht erkennbar.<\/p>\n\n\n\n<p>Eine permanente inhaltliche Kontrolle der verlinkten Seiten ist \njedoch ohne konkrete Anhaltspunkte einer Rechtsverletzung nicht \nzumutbar. Bei Bekanntwerden von Rechtsverletzungen werden wir derartige \nLinks umgehend entfernen.<\/p>\n\n\n\n<h3>Urheberrecht<\/h3>\n\n\n\n<p>Die durch die Seitenbetreiber erstellten Inhalte und Werke auf diesen\n Seiten unterliegen dem deutschen Urheberrecht. Die Vervielf\u00e4ltigung, \nBearbeitung, Verbreitung und jede Art der Verwertung au\u00dferhalb der \nGrenzen des Urheberrechtes bed\u00fcrfen der schriftlichen Zustimmung des \njeweiligen Autors bzw. Erstellers. Downloads und Kopien dieser Seite \nsind nur f\u00fcr den privaten, nicht kommerziellen Gebrauch gestattet.<\/p>\n\n\n\n<p>Soweit die Inhalte auf dieser Seite nicht vom Betreiber erstellt \nwurden, werden die Urheberrechte Dritter beachtet. Insbesondere werden \nInhalte Dritter als solche gekennzeichnet. Sollten Sie trotzdem auf eine\n Urheberrechtsverletzung aufmerksam werden, bitten wir um einen \nentsprechenden Hinweis. Bei Bekanntwerden von Rechtsverletzungen werden \nwir derartige Inhalte umgehend entfernen.<\/p>\n\n\n\n<p><strong>Konzeption &amp; technische <\/strong><strong>Realisierung:<\/strong><br>\nbm &amp; partner<br>\nwerbung | internet | beratung<br>\nEvertsche G\u00e4rtnerei 3<br>\n18147 Rostock<\/p>\n\n\n\n<p><a href=\"http:\/\/www.bm-partner.de\" target=\"_blank\" rel=\"noreferrer noopener\">www.bm-partner.de<\/a><\/p>\n","protected":false},"excerpt":{"rendered":"<p>Impressum Firma Rainer Bauer Strassenbau | Landschaftbau | Gartenbau Wilsener Weg 11 18198 Kritzmow Telefon: 038207 \u2013 65 40 Telefax: 038207 \u2013 654 30 Angaben gem\u00e4\u00df \u00a7 5 TMG: Firma Rainer Bauer Strassenbau | Landschaftbau | Gartenbau Wilsener Weg 11 18198 Kritzmow Vertreten durch: Gesch\u00e4ftsf\u00fchrer: Rainer Bauer UstID Nr. DE154455602 Kontakt: E-Mail: info@strassenbau-rostock.de Telefon: 038207 [&hellip;]<\/p>\n","protected":false},"author":1,"featured_media":0,"parent":0,"menu_order":0,"comment_status":"closed","ping_status":"closed","template":"","meta":[],"_links":{"self":[{"href":"https:\/\/www.strassenbau-rostock.de\/index.php\/wp-json\/wp\/v2\/pages\/386"}],"collection":[{"href":"https:\/\/www.strassenbau-rostock.de\/index.php\/wp-json\/wp\/v2\/pages"}],"about":[{"href":"https:\/\/www.strassenbau-rostock.de\/index.php\/wp-json\/wp\/v2\/types\/page"}],"author":[{"embeddable":true,"href":"https:\/\/www.strassenbau-rostock.de\/index.php\/wp-json\/wp\/v2\/users\/1"}],"replies":[{"embeddable":true,"href":"https:\/\/www.strassenbau-rostock.de\/index.php\/wp-json\/wp\/v2\/comments?post=386"}],"version-history":[{"count":3,"href":"https:\/\/www.strassenbau-rostock.de\/index.php\/wp-json\/wp\/v2\/pages\/386\/revisions"}],"predecessor-version":[{"id":716,"href":"https:\/\/www.strassenbau-rostock.de\/index.php\/wp-json\/wp\/v2\/pages\/386\/revisions\/716"}],"wp:attachment":[{"href":"https:\/\/www.strassenbau-rostock.de\/index.php\/wp-json\/wp\/v2\/media?parent=386"}],"curies":[{"name":"wp","href":"https:\/\/api.w.org\/{rel}","templated":true}]}}